{"id":508,"date":"2024-11-26T21:00:47","date_gmt":"2024-11-26T21:00:47","guid":{"rendered":"https:\/\/neupertvisual.ch\/wordpress\/?page_id=508"},"modified":"2024-11-26T21:03:49","modified_gmt":"2024-11-26T21:03:49","slug":"impressum-datenschutz","status":"publish","type":"page","link":"https:\/\/neupertvisual.ch\/?page_id=508","title":{"rendered":"Impressum \/ Datenschutz"},"content":{"rendered":"\n<h2 class=\"wp-block-heading\" data-block-type=\"core\">Impressum \/ Datenschutz<\/h2>\n\n\n\n<p><\/p>\n\n\n\n<h3 class=\"wp-block-heading\" data-block-type=\"core\">Neupert Visual<\/h3>\n\n\n\n<p>Inhaber des Unternehmens: Neupert Albin<br>8038 Z\u00fcrich<br>Schweiz<br>Email:<a href=\"mailto:\"><\/a><br>Telefon: 079 605 37 58<\/p>\n\n\n\n<p>Verantwortlich f\u00fcr den Inhalt: Neupert Albin<\/p>\n\n\n\n<p><\/p>\n\n\n\n<hr class=\"wp-block-separator has-text-color has-cyan-bluish-gray-color has-alpha-channel-opacity has-cyan-bluish-gray-background-color has-background is-style-wide\"\/ data-block-type=\"core\">\n\n\n\n<p><\/p>\n\n\n\n<p><\/p>\n\n\n\n<h1 class=\"wp-block-heading\" data-block-type=\"core\"><strong>Datenschutzerkl\u00e4rung<\/strong><\/h1>\n\n\n\n<p>Wir sch\u00fctzen Ihre Privatsph\u00e4re und Ihre privaten Daten. Die Nutzung dieser Webseite ist ohne Angabe personenbezogener Daten m\u00f6glich. Die Bearbeitung von Daten unserer Nutzer beschr\u00e4nkt sich auf jene Daten, die zur Bereitstellung einer funktionsf\u00e4higen Internetseite sowie unserer Inhalte und Leistungen erforderlich sind. Wir erheben, verarbeiten und nutzen diese Daten in \u00dcbereinstimmung mit dem Inhalt der vorliegenden Datenschutzbestimmungen sowie den anwendbaren Datenschutzvorschriften, insbesondere dem Schweizer Datenschutzgesetz (DSG).<\/p>\n\n\n\n<p><strong>Datensicherheit<\/strong><\/p>\n\n\n\n<p>Alle Informationen, die Sie an uns \u00fcbermitteln, werden auf Servern innerhalb der Schweiz und der Europ\u00e4ischen Union gespeichert. Leider ist die \u00dcbertragung von Informationen \u00fcber das Internet und per E-Mail nicht vollst\u00e4ndig sicher, weshalb wir die Sicherheit der \u00fcber das Internet an unsere Webseite \u00fcbermittelten Daten nicht garantieren k\u00f6nnen. Wir sichern unsere Webseite und unsere sonstigen Systeme jedoch durch technische und organisatorische Massnahmen gegen Verlust, Zerst\u00f6rung, Zugriff, Ver\u00e4nderung oder Verbreitung von Daten durch unbefugte Personen ab. Vornehmlich werden Daten bei uns \u00fcber SSL (Secure Socket Layer) verschl\u00fcsselt \u00fcbertragen.<\/p>\n\n\n\n<p><strong>Cookies<\/strong><\/p>\n\n\n\n<p>Cookies helfen unter vielen Aspekten, Ihren Besuch auf unserer Webseite einfacher, angenehmer und sinnvoller zu gestalten. Cookies sind Informationsdateien, die Ihr Webbrowser automatisch auf der Festplatte Ihres Computers speichert, wenn Sie unsere Internetseite besuchen. Sollten Sie eine Verwendung von Browser-Cookies nicht w\u00fcnschen, k\u00f6nnen Sie Ihren Browser so einstellen, dass eine Speicherung von Cookies nicht akzeptiert wird. Bitte beachten Sie, dass Sie unsere Webseite in diesem Fall allenfalls nur eingeschr\u00e4nkt oder gar nicht nutzen k\u00f6nnen. Wenn Sie nur unsere eigenen Cookies, nicht aber die Cookies unserer Dienstleister und Partner akzeptieren wollen, k\u00f6nnen Sie in Ihrem Browser die Einstellung \u201eCookies von Drittanbietern blockieren\u201c w\u00e4hlen.<\/p>\n\n\n\n<p><strong>Hosting Provider &amp; Server-Log Files<\/strong><\/p>\n\n\n\n<p>Der Provider der Seite (Kreativ Media GmbH) erhebt und speichert automatisch Informationen in sogenannten Server-Log Files, die Ihr Browser automatisch \u00fcbermittelt. Diese Daten sind nicht direkt bestimmten Personen zuordenbar. Wir behalten uns vor, diese Daten nachtr\u00e4glich zu pr\u00fcfen, falls konkrete Anhaltspunkte f\u00fcr eine rechtswidrige Nutzung bekannt werden. Server-Log Files sowie alle Daten dieser Webseite werden bei unserem Hosting-Provider gespeichert: METANET AG Gesch\u00e4ftsleitung Josefstrasse 218 CH-8005 Z\u00fcrich &gt;&nbsp;<a href=\"https:\/\/support.metanet.ch\/files\/rechtliches\/agb.pdf\" target=\"_blank\" rel=\"noreferrer noopener\">Datenschutzerkl\u00e4rung<\/a><\/p>\n\n\n\n<p><strong>\u00c4nderungen dieser Datenschutzbestimmungen<\/strong><\/p>\n\n\n\n<p>Wir behalten uns das Recht vor, diese Datenschutzbestimmungen jederzeit mit Wirkung f\u00fcr die Zukunft zu \u00e4ndern. Eine jeweils aktuelle Version ist auf der Webseite verf\u00fcgbar. Bitte besuchen Sie die Webseite regelm\u00e4ssig und informieren Sie sich \u00fcber die geltenden Datenschutzbestimmungen.<\/p>\n\n\n\n<p><strong>Ihre Rechte<\/strong><\/p>\n\n\n\n<p>Sie haben das Recht, Auskunft \u00fcber Ihre von uns verarbeiteten Daten zu verlangen. Sie haben auch das Recht, eine allenfalls erteilte Einwilligung zur Nutzung Ihrer Personendaten jederzeit zu widerrufen. Sie k\u00f6nnen Ihre genannten Rechte jederzeit bei uns geltend machen unter der angegebenen Kontaktadresse (siehe Impressum). Sofern Sie \u00fcberzeugt sind, dass die Verarbeitung Ihrer Daten durch uns im Widerspruch zu den geltenden Datenschutzbestimmungen steht, haben Sie die M\u00f6glichkeit, sich beim Eidgen\u00f6ssischen Datenschutz- und \u00d6ffentlichkeitsbeauftragten zu beschweren.<\/p>\n\n\n\n<p>Stand: 1. September 2023<\/p>\n\n\n\n<p><\/p>\n","protected":false},"excerpt":{"rendered":"<p>Impressum \/ Datenschutz Neupert Visual Inhaber des Unternehmens: Neupert Albin8038 Z\u00fcrichSchweizEmail:Telefon: 079 605 37 58 Verantwortlich f\u00fcr den Inhalt: Neupert Albin Datenschutzerkl\u00e4rung Wir sch\u00fctzen Ihre Privatsph\u00e4re und Ihre privaten Daten. Die Nutzung dieser Webseite ist ohne Angabe personenbezogener Daten m\u00f6glich. Die Bearbeitung von Daten unserer Nutzer beschr\u00e4nkt sich auf jene Daten, die zur Bereitstellung einer [&hellip;]<\/p>\n","protected":false},"author":1,"featured_media":0,"parent":0,"menu_order":0,"comment_status":"closed","ping_status":"closed","template":"","meta":{"_uag_custom_page_level_css":"","footnotes":""},"class_list":["post-508","page","type-page","status-publish","hentry"],"blocksy_meta":[],"yoast_head":"<!-- This site is optimized with the Yoast SEO plugin v27.4 - https:\/\/yoast.com\/product\/yoast-seo-wordpress\/ -->\n<title>Impressum \/ Datenschutz -<\/title>\n<meta name=\"robots\" content=\"index, follow, max-snippet:-1, max-image-preview:large, max-video-preview:-1\" \/>\n<link rel=\"canonical\" href=\"https:\/\/neupertvisual.ch\/?page_id=508\" \/>\n<meta property=\"og:locale\" content=\"de_DE\" \/>\n<meta property=\"og:type\" content=\"article\" \/>\n<meta property=\"og:title\" content=\"Impressum \/ Datenschutz -\" \/>\n<meta property=\"og:description\" content=\"Impressum \/ Datenschutz Neupert Visual Inhaber des Unternehmens: Neupert Albin8038 Z\u00fcrichSchweizEmail:Telefon: 079 605 37 58 Verantwortlich f\u00fcr den Inhalt: Neupert Albin Datenschutzerkl\u00e4rung Wir sch\u00fctzen Ihre Privatsph\u00e4re und Ihre privaten Daten. Die Nutzung dieser Webseite ist ohne Angabe personenbezogener Daten m\u00f6glich. Die Bearbeitung von Daten unserer Nutzer beschr\u00e4nkt sich auf jene Daten, die zur Bereitstellung einer [&hellip;]\" \/>\n<meta property=\"og:url\" content=\"https:\/\/neupertvisual.ch\/?page_id=508\" \/>\n<meta property=\"article:modified_time\" content=\"2024-11-26T21:03:49+00:00\" \/>\n<meta name=\"twitter:card\" content=\"summary_large_image\" \/>\n<meta name=\"twitter:label1\" content=\"Gesch\u00e4tzte Lesezeit\" \/>\n\t<meta name=\"twitter:data1\" content=\"3\u00a0Minuten\" \/>\n<script type=\"application\/ld+json\" class=\"yoast-schema-graph\">{\"@context\":\"https:\\\/\\\/schema.org\",\"@graph\":[{\"@type\":\"WebPage\",\"@id\":\"https:\\\/\\\/neupertvisual.ch\\\/?page_id=508\",\"url\":\"https:\\\/\\\/neupertvisual.ch\\\/?page_id=508\",\"name\":\"Impressum \\\/ Datenschutz -\",\"isPartOf\":{\"@id\":\"https:\\\/\\\/neupertvisual.ch\\\/#website\"},\"datePublished\":\"2024-11-26T21:00:47+00:00\",\"dateModified\":\"2024-11-26T21:03:49+00:00\",\"breadcrumb\":{\"@id\":\"https:\\\/\\\/neupertvisual.ch\\\/?page_id=508#breadcrumb\"},\"inLanguage\":\"de\",\"potentialAction\":[{\"@type\":\"ReadAction\",\"target\":[\"https:\\\/\\\/neupertvisual.ch\\\/?page_id=508\"]}]},{\"@type\":\"BreadcrumbList\",\"@id\":\"https:\\\/\\\/neupertvisual.ch\\\/?page_id=508#breadcrumb\",\"itemListElement\":[{\"@type\":\"ListItem\",\"position\":1,\"name\":\"Startseite\",\"item\":\"https:\\\/\\\/neupertvisual.ch\\\/\"},{\"@type\":\"ListItem\",\"position\":2,\"name\":\"Impressum \\\/ Datenschutz\"}]},{\"@type\":\"WebSite\",\"@id\":\"https:\\\/\\\/neupertvisual.ch\\\/#website\",\"url\":\"https:\\\/\\\/neupertvisual.ch\\\/\",\"name\":\"\",\"description\":\"\",\"potentialAction\":[{\"@type\":\"SearchAction\",\"target\":{\"@type\":\"EntryPoint\",\"urlTemplate\":\"https:\\\/\\\/neupertvisual.ch\\\/?s={search_term_string}\"},\"query-input\":{\"@type\":\"PropertyValueSpecification\",\"valueRequired\":true,\"valueName\":\"search_term_string\"}}],\"inLanguage\":\"de\"}]}<\/script>\n<!-- \/ Yoast SEO plugin. -->","yoast_head_json":{"title":"Impressum \/ Datenschutz -","robots":{"index":"index","follow":"follow","max-snippet":"max-snippet:-1","max-image-preview":"max-image-preview:large","max-video-preview":"max-video-preview:-1"},"canonical":"https:\/\/neupertvisual.ch\/?page_id=508","og_locale":"de_DE","og_type":"article","og_title":"Impressum \/ Datenschutz -","og_description":"Impressum \/ Datenschutz Neupert Visual Inhaber des Unternehmens: Neupert Albin8038 Z\u00fcrichSchweizEmail:Telefon: 079 605 37 58 Verantwortlich f\u00fcr den Inhalt: Neupert Albin Datenschutzerkl\u00e4rung Wir sch\u00fctzen Ihre Privatsph\u00e4re und Ihre privaten Daten. Die Nutzung dieser Webseite ist ohne Angabe personenbezogener Daten m\u00f6glich. Die Bearbeitung von Daten unserer Nutzer beschr\u00e4nkt sich auf jene Daten, die zur Bereitstellung einer [&hellip;]","og_url":"https:\/\/neupertvisual.ch\/?page_id=508","article_modified_time":"2024-11-26T21:03:49+00:00","twitter_card":"summary_large_image","twitter_misc":{"Gesch\u00e4tzte Lesezeit":"3\u00a0Minuten"},"schema":{"@context":"https:\/\/schema.org","@graph":[{"@type":"WebPage","@id":"https:\/\/neupertvisual.ch\/?page_id=508","url":"https:\/\/neupertvisual.ch\/?page_id=508","name":"Impressum \/ Datenschutz -","isPartOf":{"@id":"https:\/\/neupertvisual.ch\/#website"},"datePublished":"2024-11-26T21:00:47+00:00","dateModified":"2024-11-26T21:03:49+00:00","breadcrumb":{"@id":"https:\/\/neupertvisual.ch\/?page_id=508#breadcrumb"},"inLanguage":"de","potentialAction":[{"@type":"ReadAction","target":["https:\/\/neupertvisual.ch\/?page_id=508"]}]},{"@type":"BreadcrumbList","@id":"https:\/\/neupertvisual.ch\/?page_id=508#breadcrumb","itemListElement":[{"@type":"ListItem","position":1,"name":"Startseite","item":"https:\/\/neupertvisual.ch\/"},{"@type":"ListItem","position":2,"name":"Impressum \/ Datenschutz"}]},{"@type":"WebSite","@id":"https:\/\/neupertvisual.ch\/#website","url":"https:\/\/neupertvisual.ch\/","name":"","description":"","potentialAction":[{"@type":"SearchAction","target":{"@type":"EntryPoint","urlTemplate":"https:\/\/neupertvisual.ch\/?s={search_term_string}"},"query-input":{"@type":"PropertyValueSpecification","valueRequired":true,"valueName":"search_term_string"}}],"inLanguage":"de"}]}},"uagb_featured_image_src":{"full":false,"thumbnail":false,"medium":false,"medium_large":false,"large":false,"1536x1536":false,"2048x2048":false},"uagb_author_info":{"display_name":"admin","author_link":"https:\/\/neupertvisual.ch\/?author=1"},"uagb_comment_info":0,"uagb_excerpt":"Impressum \/ Datenschutz Neupert Visual Inhaber des Unternehmens: Neupert Albin8038 Z\u00fcrichSchweizEmail:Telefon: 079 605 37 58 Verantwortlich f\u00fcr den Inhalt: Neupert Albin Datenschutzerkl\u00e4rung Wir sch\u00fctzen Ihre Privatsph\u00e4re und Ihre privaten Daten. Die Nutzung dieser Webseite ist ohne Angabe personenbezogener Daten m\u00f6glich. Die Bearbeitung von Daten unserer Nutzer beschr\u00e4nkt sich auf jene Daten, die zur Bereitstellung einer&hellip;","_links":{"self":[{"href":"https:\/\/neupertvisual.ch\/index.php?rest_route=\/wp\/v2\/pages\/508","targetHints":{"allow":["GET"]}}],"collection":[{"href":"https:\/\/neupertvisual.ch\/index.php?rest_route=\/wp\/v2\/pages"}],"about":[{"href":"https:\/\/neupertvisual.ch\/index.php?rest_route=\/wp\/v2\/types\/page"}],"author":[{"embeddable":true,"href":"https:\/\/neupertvisual.ch\/index.php?rest_route=\/wp\/v2\/users\/1"}],"replies":[{"embeddable":true,"href":"https:\/\/neupertvisual.ch\/index.php?rest_route=%2Fwp%2Fv2%2Fcomments&post=508"}],"version-history":[{"count":2,"href":"https:\/\/neupertvisual.ch\/index.php?rest_route=\/wp\/v2\/pages\/508\/revisions"}],"predecessor-version":[{"id":514,"href":"https:\/\/neupertvisual.ch\/index.php?rest_route=\/wp\/v2\/pages\/508\/revisions\/514"}],"wp:attachment":[{"href":"https:\/\/neupertvisual.ch\/index.php?rest_route=%2Fwp%2Fv2%2Fmedia&parent=508"}],"curies":[{"name":"wp","href":"https:\/\/api.w.org\/{rel}","templated":true}]}}