{"id":48,"date":"2023-02-26T07:11:28","date_gmt":"2023-02-26T07:11:28","guid":{"rendered":"https:\/\/neupertvisual.ch\/wordpress\/?page_id=48"},"modified":"2023-06-09T04:36:54","modified_gmt":"2023-06-09T04:36:54","slug":"infra-rot","status":"publish","type":"page","link":"https:\/\/neupertvisual.ch\/?page_id=48","title":{"rendered":"Infra-Rot"},"content":{"rendered":"\n<h2 class=\"wp-block-heading\" data-block-type=\"core\">INFRAROT-LUFTAUFNAHMEN<\/h2>\n\n\n\n<div class=\"wp-block-columns is-layout-flex wp-container-core-columns-is-layout-28f84493 wp-block-columns-is-layout-flex\" data-block-type=\"core\">\n<div class=\"wp-block-column is-layout-flow wp-block-column-is-layout-flow\" data-block-type=\"core\">\n<h3 class=\"wp-block-heading\" data-block-type=\"core\">DACH-CHECK<\/h3>\n\n\n\n<p>Viele H\u00e4user \u00e4lteren Jahrgangs k\u00f6nnen W\u00e4rme-Lecks im Dachbereich aufweisen, die die Heizkosten in die H\u00f6he schnellen lassen. Ferner mag es sich dabei um undichte Stellen handeln die repariert werden m\u00fcssen. Mit den Drohnen-Aufnahmen mit Infrarot-Kamera lassen sich diese Stellen finden und ent-sprechenede Massnahmen k\u00f6nnen getroffen werden.<\/p>\n\n\n\n<figure class=\"wp-block-image is-resized\" data-block-type=\"core\"><img loading=\"lazy\" decoding=\"async\" src=\"https:\/\/neupertvisual.ch\/include\/image.php?i=v&amp;w=450&amp;h=337&amp;img=%2Fimage%2FP0090009.JPG\" alt=\"\" width=\"632\" height=\"473\"\/><\/figure>\n<\/div>\n\n\n\n<div class=\"wp-block-column is-layout-flow wp-block-column-is-layout-flow\" data-block-type=\"core\">\n<h3 class=\"wp-block-heading\" data-block-type=\"core\">PHOTOVOLTAIC-PANELS<\/h3>\n\n\n\n<p>Photovoltaik ist die Zukunft der Energiegewinnung. Aller-dings gibt es auch Schwachstellen, die es periodisch zu \u00fcberpr\u00fcfen gilt. Die meisten Anlagen sind aus dutzenden, oder gar hunderten Panels zusammengesetzt. Defekte<br>oder unsaubere Verbindungspunkte lassen sich einfach<br>mit Aufnahmen aus der Luft mit der IR-Drohne ausfindig machen und dann beheben.<\/p>\n\n\n\n<figure class=\"wp-block-image size-full is-resized\" data-block-type=\"core\"><img loading=\"lazy\" decoding=\"async\" src=\"https:\/\/neupertvisual.ch\/wp-content\/uploads\/2023\/06\/image-1.png\" alt=\"\" class=\"wp-image-483\" width=\"633\" height=\"474\" srcset=\"https:\/\/neupertvisual.ch\r\n\/wp-content\/uploads\/2023\/06\/image-1.png 450w, https:\/\/neupertvisual.ch\r\n\/wp-content\/uploads\/2023\/06\/image-1-300x225.png 300w\" sizes=\"auto, (max-width: 633px) 100vw, 633px\" \/><\/figure>\n<\/div>\n<\/div>\n\n\n\n<h3 class=\"wp-block-heading\" data-block-type=\"core\">DOKUMENTATION<\/h3>\n\n\n\n<p>Inklusive Auswertungsdossier der Aufnahmen. <br>F\u00fcr n\u00f6tige Massnahmen muss der Auftraggeber die entsprechenden Fachspezialisten hinzuziehen und diese f\u00fcr Reparatur\/Umbau beauftragen.\u00a0<\/p>\n","protected":false},"excerpt":{"rendered":"<p>INFRAROT-LUFTAUFNAHMEN DACH-CHECK Viele H\u00e4user \u00e4lteren Jahrgangs k\u00f6nnen W\u00e4rme-Lecks im Dachbereich aufweisen, die die Heizkosten in die H\u00f6he schnellen lassen. Ferner mag es sich dabei um undichte Stellen handeln die repariert werden m\u00fcssen. Mit den Drohnen-Aufnahmen mit Infrarot-Kamera lassen sich diese Stellen finden und ent-sprechenede Massnahmen k\u00f6nnen getroffen werden. PHOTOVOLTAIC-PANELS Photovoltaik ist die Zukunft der Energiegewinnung. [&hellip;]<\/p>\n","protected":false},"author":1,"featured_media":0,"parent":0,"menu_order":0,"comment_status":"closed","ping_status":"closed","template":"","meta":{"_uag_custom_page_level_css":"","footnotes":""},"class_list":["post-48","page","type-page","status-publish","hentry"],"blocksy_meta":[],"yoast_head":"<!-- This site is optimized with the Yoast SEO plugin v27.4 - https:\/\/yoast.com\/product\/yoast-seo-wordpress\/ -->\n<title>Infra-Rot -<\/title>\n<meta name=\"robots\" content=\"index, follow, max-snippet:-1, max-image-preview:large, max-video-preview:-1\" \/>\n<link rel=\"canonical\" href=\"https:\/\/neupertvisual.ch\/?page_id=48\" \/>\n<meta property=\"og:locale\" content=\"de_DE\" \/>\n<meta property=\"og:type\" content=\"article\" \/>\n<meta property=\"og:title\" content=\"Infra-Rot -\" \/>\n<meta property=\"og:description\" content=\"INFRAROT-LUFTAUFNAHMEN DACH-CHECK Viele H\u00e4user \u00e4lteren Jahrgangs k\u00f6nnen W\u00e4rme-Lecks im Dachbereich aufweisen, die die Heizkosten in die H\u00f6he schnellen lassen. Ferner mag es sich dabei um undichte Stellen handeln die repariert werden m\u00fcssen. Mit den Drohnen-Aufnahmen mit Infrarot-Kamera lassen sich diese Stellen finden und ent-sprechenede Massnahmen k\u00f6nnen getroffen werden. PHOTOVOLTAIC-PANELS Photovoltaik ist die Zukunft der Energiegewinnung. [&hellip;]\" \/>\n<meta property=\"og:url\" content=\"https:\/\/neupertvisual.ch\/?page_id=48\" \/>\n<meta property=\"article:modified_time\" content=\"2023-06-09T04:36:54+00:00\" \/>\n<meta property=\"og:image\" content=\"https:\/\/neupertvisual.ch\/include\/image.php?i=v&amp;w=450&amp;h=337&amp;img=%2Fimage%2FP0090009.JPG\" \/>\n<meta name=\"twitter:card\" content=\"summary_large_image\" \/>\n<meta name=\"twitter:label1\" content=\"Gesch\u00e4tzte Lesezeit\" \/>\n\t<meta name=\"twitter:data1\" content=\"2\u00a0Minuten\" \/>\n<script type=\"application\/ld+json\" class=\"yoast-schema-graph\">{\"@context\":\"https:\\\/\\\/schema.org\",\"@graph\":[{\"@type\":\"WebPage\",\"@id\":\"https:\\\/\\\/neupertvisual.ch\\\/?page_id=48\",\"url\":\"https:\\\/\\\/neupertvisual.ch\\\/?page_id=48\",\"name\":\"Infra-Rot -\",\"isPartOf\":{\"@id\":\"https:\\\/\\\/neupertvisual.ch\\\/#website\"},\"primaryImageOfPage\":{\"@id\":\"https:\\\/\\\/neupertvisual.ch\\\/?page_id=48#primaryimage\"},\"image\":{\"@id\":\"https:\\\/\\\/neupertvisual.ch\\\/?page_id=48#primaryimage\"},\"thumbnailUrl\":\"https:\\\/\\\/neupertvisual.ch\\\/include\\\/image.php?i=v&amp;w=450&amp;h=337&amp;img=%2Fimage%2FP0090009.JPG\",\"datePublished\":\"2023-02-26T07:11:28+00:00\",\"dateModified\":\"2023-06-09T04:36:54+00:00\",\"breadcrumb\":{\"@id\":\"https:\\\/\\\/neupertvisual.ch\\\/?page_id=48#breadcrumb\"},\"inLanguage\":\"de\",\"potentialAction\":[{\"@type\":\"ReadAction\",\"target\":[\"https:\\\/\\\/neupertvisual.ch\\\/?page_id=48\"]}]},{\"@type\":\"ImageObject\",\"inLanguage\":\"de\",\"@id\":\"https:\\\/\\\/neupertvisual.ch\\\/?page_id=48#primaryimage\",\"url\":\"https:\\\/\\\/neupertvisual.ch\\\/include\\\/image.php?i=v&amp;w=450&amp;h=337&amp;img=%2Fimage%2FP0090009.JPG\",\"contentUrl\":\"https:\\\/\\\/neupertvisual.ch\\\/include\\\/image.php?i=v&amp;w=450&amp;h=337&amp;img=%2Fimage%2FP0090009.JPG\"},{\"@type\":\"BreadcrumbList\",\"@id\":\"https:\\\/\\\/neupertvisual.ch\\\/?page_id=48#breadcrumb\",\"itemListElement\":[{\"@type\":\"ListItem\",\"position\":1,\"name\":\"Startseite\",\"item\":\"https:\\\/\\\/neupertvisual.ch\\\/\"},{\"@type\":\"ListItem\",\"position\":2,\"name\":\"Infra-Rot\"}]},{\"@type\":\"WebSite\",\"@id\":\"https:\\\/\\\/neupertvisual.ch\\\/#website\",\"url\":\"https:\\\/\\\/neupertvisual.ch\\\/\",\"name\":\"\",\"description\":\"\",\"potentialAction\":[{\"@type\":\"SearchAction\",\"target\":{\"@type\":\"EntryPoint\",\"urlTemplate\":\"https:\\\/\\\/neupertvisual.ch\\\/?s={search_term_string}\"},\"query-input\":{\"@type\":\"PropertyValueSpecification\",\"valueRequired\":true,\"valueName\":\"search_term_string\"}}],\"inLanguage\":\"de\"}]}<\/script>\n<!-- \/ Yoast SEO plugin. -->","yoast_head_json":{"title":"Infra-Rot -","robots":{"index":"index","follow":"follow","max-snippet":"max-snippet:-1","max-image-preview":"max-image-preview:large","max-video-preview":"max-video-preview:-1"},"canonical":"https:\/\/neupertvisual.ch\/?page_id=48","og_locale":"de_DE","og_type":"article","og_title":"Infra-Rot -","og_description":"INFRAROT-LUFTAUFNAHMEN DACH-CHECK Viele H\u00e4user \u00e4lteren Jahrgangs k\u00f6nnen W\u00e4rme-Lecks im Dachbereich aufweisen, die die Heizkosten in die H\u00f6he schnellen lassen. Ferner mag es sich dabei um undichte Stellen handeln die repariert werden m\u00fcssen. Mit den Drohnen-Aufnahmen mit Infrarot-Kamera lassen sich diese Stellen finden und ent-sprechenede Massnahmen k\u00f6nnen getroffen werden. PHOTOVOLTAIC-PANELS Photovoltaik ist die Zukunft der Energiegewinnung. [&hellip;]","og_url":"https:\/\/neupertvisual.ch\/?page_id=48","article_modified_time":"2023-06-09T04:36:54+00:00","og_image":[{"url":"https:\/\/neupertvisual.ch\/include\/image.php?i=v&amp;w=450&amp;h=337&amp;img=%2Fimage%2FP0090009.JPG","type":"","width":"","height":""}],"twitter_card":"summary_large_image","twitter_misc":{"Gesch\u00e4tzte Lesezeit":"2\u00a0Minuten"},"schema":{"@context":"https:\/\/schema.org","@graph":[{"@type":"WebPage","@id":"https:\/\/neupertvisual.ch\/?page_id=48","url":"https:\/\/neupertvisual.ch\/?page_id=48","name":"Infra-Rot -","isPartOf":{"@id":"https:\/\/neupertvisual.ch\/#website"},"primaryImageOfPage":{"@id":"https:\/\/neupertvisual.ch\/?page_id=48#primaryimage"},"image":{"@id":"https:\/\/neupertvisual.ch\/?page_id=48#primaryimage"},"thumbnailUrl":"https:\/\/neupertvisual.ch\/include\/image.php?i=v&amp;w=450&amp;h=337&amp;img=%2Fimage%2FP0090009.JPG","datePublished":"2023-02-26T07:11:28+00:00","dateModified":"2023-06-09T04:36:54+00:00","breadcrumb":{"@id":"https:\/\/neupertvisual.ch\/?page_id=48#breadcrumb"},"inLanguage":"de","potentialAction":[{"@type":"ReadAction","target":["https:\/\/neupertvisual.ch\/?page_id=48"]}]},{"@type":"ImageObject","inLanguage":"de","@id":"https:\/\/neupertvisual.ch\/?page_id=48#primaryimage","url":"https:\/\/neupertvisual.ch\/include\/image.php?i=v&amp;w=450&amp;h=337&amp;img=%2Fimage%2FP0090009.JPG","contentUrl":"https:\/\/neupertvisual.ch\/include\/image.php?i=v&amp;w=450&amp;h=337&amp;img=%2Fimage%2FP0090009.JPG"},{"@type":"BreadcrumbList","@id":"https:\/\/neupertvisual.ch\/?page_id=48#breadcrumb","itemListElement":[{"@type":"ListItem","position":1,"name":"Startseite","item":"https:\/\/neupertvisual.ch\/"},{"@type":"ListItem","position":2,"name":"Infra-Rot"}]},{"@type":"WebSite","@id":"https:\/\/neupertvisual.ch\/#website","url":"https:\/\/neupertvisual.ch\/","name":"","description":"","potentialAction":[{"@type":"SearchAction","target":{"@type":"EntryPoint","urlTemplate":"https:\/\/neupertvisual.ch\/?s={search_term_string}"},"query-input":{"@type":"PropertyValueSpecification","valueRequired":true,"valueName":"search_term_string"}}],"inLanguage":"de"}]}},"uagb_featured_image_src":{"full":false,"thumbnail":false,"medium":false,"medium_large":false,"large":false,"1536x1536":false,"2048x2048":false},"uagb_author_info":{"display_name":"admin","author_link":"https:\/\/neupertvisual.ch\/?author=1"},"uagb_comment_info":0,"uagb_excerpt":"INFRAROT-LUFTAUFNAHMEN DACH-CHECK Viele H\u00e4user \u00e4lteren Jahrgangs k\u00f6nnen W\u00e4rme-Lecks im Dachbereich aufweisen, die die Heizkosten in die H\u00f6he schnellen lassen. Ferner mag es sich dabei um undichte Stellen handeln die repariert werden m\u00fcssen. Mit den Drohnen-Aufnahmen mit Infrarot-Kamera lassen sich diese Stellen finden und ent-sprechenede Massnahmen k\u00f6nnen getroffen werden. PHOTOVOLTAIC-PANELS Photovoltaik ist die Zukunft der Energiegewinnung.&hellip;","_links":{"self":[{"href":"https:\/\/neupertvisual.ch\/index.php?rest_route=\/wp\/v2\/pages\/48","targetHints":{"allow":["GET"]}}],"collection":[{"href":"https:\/\/neupertvisual.ch\/index.php?rest_route=\/wp\/v2\/pages"}],"about":[{"href":"https:\/\/neupertvisual.ch\/index.php?rest_route=\/wp\/v2\/types\/page"}],"author":[{"embeddable":true,"href":"https:\/\/neupertvisual.ch\/index.php?rest_route=\/wp\/v2\/users\/1"}],"replies":[{"embeddable":true,"href":"https:\/\/neupertvisual.ch\/index.php?rest_route=%2Fwp%2Fv2%2Fcomments&post=48"}],"version-history":[{"count":2,"href":"https:\/\/neupertvisual.ch\/index.php?rest_route=\/wp\/v2\/pages\/48\/revisions"}],"predecessor-version":[{"id":484,"href":"https:\/\/neupertvisual.ch\/index.php?rest_route=\/wp\/v2\/pages\/48\/revisions\/484"}],"wp:attachment":[{"href":"https:\/\/neupertvisual.ch\/index.php?rest_route=%2Fwp%2Fv2%2Fmedia&parent=48"}],"curies":[{"name":"wp","href":"https:\/\/api.w.org\/{rel}","templated":true}]}}